
Let f(s) = -4*s**3 + 125*s**2 - 23*s - 228. Calculate f(31).
20
Let w(a) = 15*a**2 + 19908*a - 19911. Give w(1).
12
Let u(a) = -3197*a + 89504. Calculate u(28).
-12
Let i(s) = -3*s**2 + 141*s + 146821. Determine i(246).
-41
Let w(h) = -2*h**3 + 163*h**2 - 1413*h + 3239. Calculate w(72).
-1
Let g(n) = 2272*n + 881543. Determine g(-388).
7
Let o(g) = 1171*g + 15373. Determine o(-15).
-2192
Let h(n) = n**2 + 12473*n - 124821. Determine h(10).
9
Let c(m) = 2*m**3 - 301*m**2 + 2667*m + 281. Determine c(141).
-1411
Let r(x) = 11*x**2 - 1406*x - 27060. Determine r(-17).
21
Let f(w) = -w**3 + 41*w**2 - 5779*w + 244496. Determine f(42).
14
Let l(r) = -20936*r - 20375. Give l(-1).
561
Let m(u) = 72350*u - 18811000. Determine m(260).
0
Let c(g) = -181*g - 21824. Calculate c(-148).
4964
Let s(j) = 190*j + 3917. Give s(-20).
117
Let h(q) = -14*q**2 + 269*q - 1314. Give h(11).
-49
Let c(y) = -4*y**2 + 1403*y - 106435. Determine c(111).
14
Let q(v) = 3141*v - 28229. Calculate q(9).
40
Let l(g) = -1955*g + 62264. What is l(32)?
-296
Let a(j) = -14*j**3 - 4*j**2 + 8733*j - 17461. Determine a(2).
-123
Let d(r) = -r**3 + 35*r**2 + 264*r - 94. Determine d(41).
644
Let g(d) = -76*d**2 + 3708*d + 107. Determine g(49).
-677
Let o(h) = 122*h**2 + 1410*h + 2825. Give o(-2).
493
Let p(n) = 176*n + 2209. Give p(-4).
1505
Let i(m) = -31*m - 1241. Determine i(-7).
-1024
Let n(t) = -2512*t - 113042. What is n(-45)?
-2
Let t(p) = 636*p - 65505. Give t(103).
3
Let k(w) = 74571*w + 596770. Calculate k(-8).
202
Let c(s) = -3*s**2 - 224*s - 228. What is c(-76)?
-532
Let f(u) = -15*u**2 - 1850*u - 12759. Calculate f(-116).
1
Let x(f) = f**3 - 127*f**2 - 110*f - 2196. Calculate x(128).
108
Let k(v) = v**2 + 89*v - 4958. Determine k(-128).
34
Let d(b) = -b**2 + 386*b + 95250. Give d(557).
3
Let l(q) = 2*q**2 - 134*q + 346. Give l(68).
482
Let m(c) = -2692*c + 21541. Calculate m(8).
5
Let q(r) = -988*r**2 - 108663*r + 1874. What is q(-110)?
4
Let k(r) = -r**2 + 836*r + 51575. Determine k(-64).
-6025
Let c(d) = 3*d**2 + 178*d + 1587. What is c(-22)?
-877
Let s(x) = -x**2 - 140*x - 4446. Determine s(-90).
54
Let a(o) = -70942*o - 2412027. Determine a(-34).
1
Let s(b) = 284757*b - 1139032. Calculate s(4).
-4
Let l(g) = 152649*g - 1831817. Give l(12).
-29
Let i(c) = 3777*c + 181274. Determine i(-48).
-22
Let r(j) = -j**3 + 4*j**2 - 7137*j + 49993. Determine r(7).
-113
Let v(c) = 2*c**3 - 49*c**2 - 726*c - 91. What is v(35)?
224
Let d(v) = 5*v**3 + 89*v**2 - 172*v - 2263. Determine d(-18).
509
Let u(a) = a**3 - 3*a**2 + 150*a - 591. Give u(4).
25
Let m(j) = 5068*j - 572827. Determine m(113).
-143
Let r(w) = 111*w - 5815. Determine r(51).
-154
Let c(y) = -3*y**2 - 1872*y - 23963. What is c(-13)?
-134
Let r(p) = 2*p**3 - 201*p**2 - 701*p + 80226. Give r(100).
126
Let k(r) = -8576*r - 960512. Determine k(-112).
0
Let g(p) = -p**3 + 99*p**2 - 3142*p + 191308. What is g(88)?
-4
Let r(f) = -29449*f - 176683. Determine r(-6).
11
Let c(x) = -521045*x - 2084109. Give c(-4).
71
Let v(w) = 26486*w**2 - 423763*w - 213. What is v(16)?
-5
Let n(f) = -43*f**2 - 1753*f - 3252. Determine n(-39).
-288
Let w(f) = 6515*f - 677568. Determine w(104).
-8
Let a(d) = 389*d**3 + 1554*d**2 - 5*d + 13. Calculate a(-4).
1
Let h(m) = 1668*m + 6127. Determine h(-3).
1123
Let r(j) = -j**2 + 41*j + 183. What is r(-24)?
-1377
Let s(l) = 68*l**2 - 4*l - 18. Determine s(4).
1054
Let q(l) = 9111*l + 9480. What is q(-1)?
369
Let a(q) = -3*q**3 - 4*q**2 - 26*q - 143. Give a(-8).
1345
Let z(f) = -8*f**2 - 2115*f - 12412. Calculate z(-6).
-10
Let a(o) = -o**3 - 8*o**2 + 32*o - 200. What is a(5)?
-365
Let u(l) = 79*l**2 - 461*l - 164. What is u(7)?
480
Let p(w) = 6*w**2 + 235*w + 38. What is p(-32)?
-1338
Let d(w) = -2*w**2 - 414*w - 15250. What is d(-159)?
14
Let r(h) = -2*h**3 - 14*h**2 - 92*h - 455. Determine r(-6).
25
Let x(a) = -127*a**2 - 3183*a - 130. Determine x(-25).
70
Let q(h) = -12747*h - 115019. Calculate q(-9).
-296
Let w(f) = f**3 - 12*f**2 - 109*f - 454. Give w(19).
2
Let p(j) = 1273*j - 451890. Calculate p(355).
25
Let v(f) = 4*f**3 - 114*f**2 - 98*f + 1171. Determine v(29).
11
Let s(q) = 4*q**2 - 15*q + 47. Give s(2).
33
Let d(v) = -37*v**3 - 5881*v**2 + 176*v - 22593. Give d(-159).
-15
Let q(h) = -3*h**3 - 166*h**2 - 304*h - 14004. Give q(-55).
-309
Let b(f) = -f**3 - 31*f**2 - 43*f - 2444. Calculate b(-32).
-44
Let v(g) = 183011*g - 7320441. Determine v(40).
-1
Let o(s) = -207*s**2 - 2777*s + 3. Determine o(-13).
1121
Let q(o) = -5670*o + 68113. What is q(12)?
73
Let s(a) = a**2 + 88*a + 1683. Give s(-17).
476
Let b(f) = -27252*f - 327021. What is b(-12)?
3
Let y(l) = 216370*l**2 - 1298222*l + 43. Determine y(6).
31
Let j(v) = -4*v**3 + 1289*v**2 - 2579*v + 1. Determine j(2).
-33
Let b(h) = 11*h**3 + 4*h**2 + 119*h - 122. What is b(1)?
12
Let w(c) = c**3 - 28*c**2 + 52*c - 778. What is w(26)?
-778
Let v(o) = o**2 - 110*o - 593. Determine v(110).
-593
Let z(g) = 93*g**3 - 4*g**2 - 99*g + 190. Give z(2).
720
Let b(d) = -2985*d + 3163. Determine b(1).
178
Let w(u) = 2998*u + 104933. Calculate w(-35).
3
Let d(n) = -2124*n**3 - 2*n**2 + 64*n - 64. Give d(1).
-2126
Let a(x) = -802*x**2 - 2604*x + 2411. What is a(-4)?
-5
Let g(o) = -65373*o + 653727. Calculate g(10).
-3
Let z(r) = r**3 + 170*r**2 - 693*r + 461. Determine z(-174).
-61
Let q(o) = -o**3 - 54*o**2 - 259*o + 207. Calculate q(-6).
33
Let f(w) = -2765*w - 81645. What is f(-30)?
1305
Let w(h) = 7*h**2 + 4476*h + 105175. Determine w(-615).
10
Let d(w) = w**3 + 56*w**2 - 1736*w - 16420. Give d(-76).
-4
Let u(n) = -1960*n - 401799. Determine u(-205).
1
Let f(p) = 832*p - 984147. What is f(1183)?
109
Let x(m) = m**3 + 212*m**2 - 19420*m - 8714. What is x(-281)?
-3
Let f(q) = 7084*q**2 - 49587*q - 12. What is f(7)?
-5
Let g(w) = -2*w**2 - 24*w + 51. Give g(22).
-1445
Let x(s) = -866*s + 10382. Determine x(12).
-10
Let p(t) = 32*t**2 + 575*t + 6. Calculate p(-10).
-2544
Let q(c) = c**3 + 128*c**2 + 3775*c + 50. What is q(-82)?
-196
Let g(c) = 10913*c - 98044. Calculate g(9).
173
Let z(o) = -10*o**2 + 3370*o - 32655. Give z(10).
45
Let g(v) = -3*v**3 + 41*v**2 + 580*v - 5252. What is g(19)?
-8
Let w(c) = 3*c**3 - 166*c**2 + 207*c + 449. Calculate w(54).
-37
Let t(c) = -229*c**2 - 55220*c - 7482. Calculate t(-241).
-11
Let g(v) = 14*v**3 + v**2 + 1776*v + 10. What is g(0)?
10
Let r(b) = -1040*b + 93561. What is r(90)?
-39
Let r(v) = 296*v**2 + 8372*v + 10323. Determine r(-27).
63
Let k(s) = -233*s**2 + 1603*s + 185. Give k(7).
-11
Let f(s) = 2*s**2 - 81*s - 1504. Calculate f(56).
232
Let v(m) = 18*m**2 + 13609*m - 13607. Determine v(1).
20
Let y(j) = 4621*j - 254104. Give y(55).
51
Let j(u) = -u**2 - 1079*u - 227298. Give j(-287).
6
Let m(z) = -227*z**2 - 6213*z + 157529. Give m(16).
9
Let k(r) = -13*r**3 - 21*r**2 - 6*r - 2132. Determine k(0).
-2132
Let g(f) = 2*f**3 + 88*f**2 + 1304*f + 62739. Give g(-45).
9
Let s(i) = -3*i**2 + 20674*i - 123958. What is s(6)?
-22
Let v(m) = 528*m**2 + 27793*m + 17515. Calculate v(-52).
-9
Let c(n) = -38549*n + 22705350. What is c(589)?
-11
Let t(d) = -147*d**2 + 23*d - 5. Give t(1).
-129
Let v(g) = g**2 + 6104*g + 344671. Give v(-57).
-8
Let v(f) = 6825*f - 2852849. Determine v(418).
1
Let a(s) = -1612*s + 401343. Determine a(249).
-45
Let a(y) = y**3 + 137*y**2 + 489*y - 5527. Determine a(-133).
192
Let d(i) = -i**3 + 8*i**2 + 203108*i - 1624849. Give d(8).
15
Let m(q) = 332*q + 2908. What is m(-10)?
-412
Let r(x) = -631978*x + 1895820. Give r(3).
-114
Let h(f) = 11612*f - 13307356. Determine h(1146).
-4
Let a(y) = -y**3 + 8*y**2 + 62*y - 7. What is a(13)?
-46
Let x(c) = -8*c**3 - 11*c**2 + 4*c - 69. Calculate x(-4).
251
Let k(v) = 55*v**2 + 4119*v - 471. Calculate k(-75).
-21
Let l(q) = q**3 + 893*q**2 - 28648*q - 3685. Give l(-924).
11
Let u(v) = -v**3 + 6971*v**2 - 5*v + 140. What is u(0)?
140
Let l(g) = -6*g**3 - 1652*g**2 - 643*g - 25578. Determine l(-275).
-3
Let f(m) = m**3 + 77*m**2 + 2848*m + 210687. Give f(-76).
15
Let m(s) = 785262*s + 3926309. Give m(-5).
-1
Let r(i) = -3*i**3 + 20*i**2 - 74*i - 81. Give r(9).
-1314
Let w(u) = -8*u**3 + u**2 + 49933*u - 49933. Calculate w(1).
-7
Let k(g) = -2*g**2 - 271*g + 8593. What is k(-162)?
7
Let k(m) = m**3 + 78*m**2 - 61*m + 1426. What is k(-79)?
4
Let w(r) = r**3 + 3